p be b(-2). Let a be 3/p*16/(-12). Suppose -a*q - 163 = -3*q. Is q a composite number?
False
Let v(u) = 8*u + 23. Let r(s) = 15*s + 46. Let k(n) = 6*r(n) - 11*v(n). Suppose 5*t = 103 - 38. Is k(t) a prime number?
False
Is 2/20 + (-217827)/(-30) a prime number?
False
Suppose -6*b + 192 = -5*b. Is b + (3/(-12))/(2/(-16)) a prime number?
False
Let t(v) = 63*v**3 + 7*v**2 + 10*v - 10. Is t(4) composite?
True
Let r(c) = -10*c - 11. Let v be r(-9). Suppose 2*f + v - 1001 = 0. Let g = f - -18. Is g composite?
False
Suppose -3*z - 6 - 6 = 0, -4*z + 14 = 2*q. Suppose -3*c - q = 0, 4*o - 53 = 5*c + 192. Is o a composite number?
True
Let s(t) = 134*t**3 - t**2 - 9*t + 71. Is s(5) a composite number?
True
Let m(v) = -3*v**2 + 22*v + 1. Let q be m(9). Let a = 189 - q. Is a composite?
False
Suppose 8767 = 4*z - 6345. Suppose -3*k + 0 = -9, 2*u - 4*k - z = 0. Suppose -6*b + u = -b. Is b a prime number?
True
Let j(n) = 2*n**3 - 3*n**2 + 5*n + 6. Let w be j(-3). Let q = 105 + w. Is q composite?
True
Let a(m) = 36*m**2 + 5*m - 20. Is a(11) a prime number?
True
Suppose 4*v = -g + 9167, -2*v - 2*g = -1236 - 3352. Is v a composite number?
True
Let b(t) be the second derivative of 1169*t**3/6 - 5*t**2/2 - 37*t. Is b(2) a prime number?
True
Let b = -20 - -907. Is b a composite number?
False
Let n(y) = -11*y + 8. Let h = 8 - 14. Let k be (14/h - 0)*3. Is n(k) prime?
False
Let r = -8 - -9. Let k be (-3 - r)*(-15)/6. Suppose 28 = i - k. Is i prime?
False
Let i(o) = 1773*o - 380. Is i(33) prime?
True
Suppose -4*v + 5*y + 29532 = 0, -5*v - y = y - 36948. Is (20/48*-3)/((-1)/v) composite?
True
Let l(f) = -f**3 + 5*f**2 + 5*f + 11. Let q be l(6). Suppose -2*d - 695 = 2*s - 1739, s = -q*d + 542. Is s a composite number?
True
Let y(s) = -4*s**3 - 4*s - 1934. Let o(j) = j**3 + j - 1. Let h(q) = -5*o(q) - y(q). Is h(0) a composite number?
True
Suppose 16 = 3*d + 10. Is (-195 + d/2)*(-25)/10 composite?
True
Suppose -12*k + 91334 = 15146. Is k prime?
False
Let n(f) = 49*f + 101. Is n(30) a composite number?
False
Let u(t) = 26*t**2 + 10*t + 19. Is u(16) prime?
False
Suppose j + 5 - 4 = 0. Let x(g) = -744*g**3 + 1. Is x(j) composite?
True
Let c = -2402 - -7671. Is c a composite number?
True
Let v(m) = -5*m**3 + 5*m**2 - 7*m + 9. Let r(l) = -l**3 - l + 1. Let a(p) = -6*r(p) + v(p). Is a(-4) prime?
True
Suppose -7*c + 4*c - 10571 = -2*f, 0 = -3*f + c + 15874. Is f a prime number?
False
Let o be -3 + -2527 - (-10)/5. Let d = -1213 - o. Is d a composite number?
True
Let j = -1687 + 4938. Is j composite?
False
Suppose 0*r + 3*r + 2*g = -2, -5*r + g = -14. Suppose -r*p + 6871 = -4843. Is p a prime number?
True
Let w(d) = 14*d + 2 - d**2 - 7 + 4. Let s be w(13). Is 932/(-2)*(-6)/s a composite number?
False
Let f be (2 + 10)/(-4) - -3. Suppose f = -4*x + 12, d + 4*d + 4 = 3*x. Is -7*(1 - 6) - d composite?
True
Let a(z) = z**2 - 12*z + 20. Let v be a(8). Is v/(-30) - 3*431/(-5) a composite number?
True
Suppose 4*r - 29597 = -5*m + 5*r, 2*m - 4*r = 11846. Is m a composite number?
True
Let p(i) be the third derivative of -i**4/24 + 4*i**2. Let r be p(-3). Suppose u + 107 = 2*n - 318, -4*u - 645 = -r*n. Is n prime?
True
Let o be 3/(-4) - (-2164)/(-16). Let k be o/12*(1 + -13). Suppose -5*r = -9*r + k. Is r prime?
False
Let s(l) = -2*l**3 - 26*l**2 - 63*l - 41. Is s(-22) a composite number?
True
Let l = -1779 + 2080. Is l a prime number?
False
Suppose 0 = -11*p + 36*p - 73075. Is p prime?
False
Suppose -2*w = -0*w - 674. Suppose o = 1376 - w. Is o composite?
False
Suppose -3*z = -343 - 116. Suppose 0*m + 4*m + 2*u + 404 = 0, m + 2*u + 104 = 0. Let w = m + z. Is w prime?
True
Let r(f) = 1081*f**2 + 15*f + 153. Is r(-5) composite?
False
Suppose -2*n = -694 - 896. Suppose -5*d + 0 = -n. Is d prime?
False
Let y(l) = -45*l - 11. Is y(-16) a prime number?
True
Let n = -9 - -15. Suppose -3*s + 499 = 487. Is 118/s + 9/n composite?
False
Let m(s) = s - 2. Let b be m(5). Suppose 132 + 489 = 3*k - 3*y, 626 = b*k - 2*y. Suppose r - 11 = k. Is r composite?
False
Let s = 696 - 168. Let q = s + -317. Is q a composite number?
False
Let y(d) be the second derivative of d**5/20 + d**4/4 - d**3/6 - 2*d**2 + 3*d. Let s be y(-4). Is 12/s + (-717)/(-12) prime?
True
Suppose -k = -1714 - 2836. Is (0 + 1 - k/(-7)) + -2 composite?
True
Suppose -40*v + 214248 = -222592. Is v composite?
True
Suppose -4*m + 2*c + 3 = -5, -19 = -3*m - 5*c. Let p(z) be the third derivative of z**6/20 - z**5/60 + z**4/24 + z**3/2 + 19*z**2. Is p(m) composite?
True
Suppose 4*z + 165876 + 8039 = 5*v, 0 = 4*z - 20. Is v composite?
True
Let x(w) = 15*w**3 + 3*w**2 + 2*w - 3. Let a be x(3). Suppose -a = -6*v + v. Is (v - 3) + (-2)/(-2) a prime number?
False
Let u = -22 + 22. Suppose 0 = 3*z - u*z - 2703. Is z composite?
True
Suppose 2*y = -11*m + 12*m + 24668, 3*y = 3*m + 36999. Is y composite?
True
Suppose 8*w = 15452 + 23804. Is w a prime number?
False
Let t = 3 - 96. Let q = -138 - t. Is (23/3)/((-3)/q) prime?
False
Suppose -3*n + 0*v = 2*v + 7, -2*n - 5*v = -10. Let l(d) = d**2 + 2*d - 9. Let b be l(n). Is (b/(-3))/(8/(-1324)) composite?
False
Suppose -2*f + 31 = -5*u - 6, -u = -5*f + 35. Suppose 26 = 4*a - f. Let x = -2 + a. Is x a composite number?
True
Let y = -3669 - -6058. Let x = y + -846. Is x composite?
False
Let f = -11 - -9. Let i be ((-4)/f - 400) + 2. Let r = i - -1141. Is r a prime number?
False
Suppose -5*t - 22673 = -9*t - 3*o, 3*t + 2*o = 17005. Is t a composite number?
False
Suppose -5*r = -4*k + 107723, 8*r + 26921 = k + 10*r. Is k composite?
False
Let u = -334 - -654. Suppose -q = 128 - u. Let h = q + 65. Is h a composite number?
False
Let k be (-2)/(-8) - 60/(-16). Suppose 0 = 3*y + 4*u - 1382, -2*y - 2*y = -k*u - 1796. Let p = -297 + y. Is p composite?
False
Is (-960)/(-720)*((-8642)/(-8) + -1) prime?
True
Suppose 15187 = 5*l - o, 3*o = l + 2*l - 9117. Let s = 1450 + l. Is s a composite number?
True
Let u(o) = -151*o - 44. Let p be u(19). Let m = p + 4190. Is m prime?
True
Suppose b + 40 = 5*a, 3*b + 3 = -2*a + 2. Suppose a*i = 2*i. Suppose 2*p + 4*c + 0 = 8, i = -4*p - c + 37. Is p a composite number?
True
Let j(f) = -476*f**2 - 13*f - 13. Let k be j(-4). Is k/(-13) - 4/(-26) a prime number?
False
Let u(q) = -q**2 + 4*q + 1. Let j be u(2). Suppose -j*z = -4*s - 23, -13 = s + s - 3*z. Is (s - -1)*(-5748)/12 prime?
True
Let b(k) = 5*k + 32. Let t be b(10). Let p = t - -109. Is p composite?
False
Let o(a) = a**2 + 6*a + 9. Let v be o(-5). Suppose -v*n - 1106 = -6*n. Is n a composite number?
True
Let j(l) = 18*l + 1 + 3*l**3 - 19*l + 0. Let h be j(1). Suppose -h*d = -2*d - 5*x - 616, -d = -x - 628. Is d composite?
False
Let n be 2589/2*8/(-6). Suppose 4*a + 3814 = -526. Let i = a - n. Is i composite?
False
Suppose -2*n = 83 + 109. Let p be (-16 - n)*7/2. Suppose p + 887 = 3*q. Is q a composite number?
False
Let u = -733 - -2916. Is u prime?
False
Suppose 0 = 19*y - 582973 - 26148. Is y a prime number?
True
Let c = 637 - -243. Let a(x) = x**3 + 5*x**2 + 2*x - 4. Let z be a(-4). Suppose c = z*p + 372. Is p composite?
False
Suppose -3*l - 15 = -4*i, 6*i - 2*l = 2*i + 18. Let x be 2/(-3)*i/(-2). Suppose -x*d + 61 + 53 = 0. Is d a prime number?
False
Let c(p) = 4*p**2. Let q be c(1). Suppose q*h - 4 = 736. Is h composite?
True
Is -1*-862*((-234)/(-12) + -1) prime?
False
Let y be (-1*6/2)/(-3). Suppose -m + i = y, -m - 4*i = -0*m - 14. Suppose -1185 = -v - m*v. Is v prime?
False
Let n(j) = 14*j**2 + 51*j + 280. Is n(27) a composite number?
False
Let m be 17 + -19 - (-595)/((-1)/(-1)). Suppose -2*k = -n - m, -k - 2*n = k - 608. Is k composite?
True
Let w = -275 - -698. Let p = w - 915. Let o = 873 + p. Is o composite?
True
Let d(a) = 15*a**2 + 9*a + 1. Let i be d(-8). Suppose 2*v - 348 = -5*m, 2*v - 7*v - 3*m + i = 0. Is v prime?
True
Let t(h) = 6*h + 2. Let g be t(3). Let u(c) = g*c**3 - 2*c**2 + 2*c + 5 - 2*c**2 - 1 - c**3. Is u(3) a composite number?
False
Let x(c) = -c**3 + 11*c**2 + 13*c - 15. Let j be x(12). Let z be (498/(-8))/(j/8). Suppose -3*g - z = -5*g. Is g composite?
False
Is (42358/8)/(5/20) prime?
True
Let o = 6356 - 9166. Let k = o - -4181. Is k a composite number?
True
Is 2 - (4 - 7 - 123144) a prime number?
False
Let l(i) = 7*i**3 - 6*i**2 + 23*i + 23. Is l(8) a composite number?
False
Let p(c) = 131*c**2 -